= -g - 3. What is the greatest common divisor of n and g?
1
Let b(n) = -4. Let r(c) = c + 19. Let k(p) = 11*b(p) + 2*r(p). Let t be k(9). Calculate the highest common factor of t and 6.
6
Suppose 5*s = -2*c + 13, s = -2*c + 2*s + 7. What is the greatest common divisor of c and 16?
4
Let c be 7 + (-12)/((-4)/(-1)). What is the greatest common factor of c and 36?
4
Suppose -4*m + 26 = 102. Let d = m - -48. Calculate the highest common divisor of 232 and d.
29
Let x = -106 + 120. What is the highest common divisor of x and 56?
14
Suppose -4*c = 5*g - 59, c + 64 = 6*c + 3*g. Suppose -o + c = -53. Calculate the highest common divisor of 8 and o.
8
Suppose 2*r - 55 - 17 = 0. Suppose -3*i + 4*k = -13 - r, 38 = 2*i - 4*k. Calculate the greatest common divisor of 1 and i.
1
Let w(p) = p**3 + 4*p**2 - 4*p - 5. Let v be w(-4). Let m be 1 - (-22 + 0 - -1). Calculate the highest common factor of m and v.
11
Let v(o) = o**2 - 4*o - 4. Let z be v(-10). Let d = z + -71. What is the greatest common factor of 13 and d?
13
Let x(i) = -i**2 + 5*i + 10. Let o be x(5). Let z = 15 - o. What is the greatest common factor of z and 40?
5
Let p = 100 - 75. Calculate the highest common divisor of 75 and p.
25
Suppose 4*g + 0*g - 48 = 0. Suppose 0 = 2*y - 5 - 1. What is the highest common divisor of g and y?
3
Let m = -9 + 27. Let f = -29 - -65. Calculate the greatest common factor of m and f.
18
Suppose 7 = a - 3*w, -5*a - 41 = 4*w - 0*w. Let o = 6 + a. Let d be (28/(-6))/(o/(-15)). What is the highest common factor of 10 and d?
10
Let y(s) = -s**2 + 11*s + 7. Let z be y(12). Let w be 1548/30 + (-2)/z. Calculate the highest common divisor of w and 13.
13
Suppose 0 = -4*s + 1055 + 161. What is the highest common divisor of 38 and s?
38
Suppose 5*k + 3*o = -0*o + 639, 3*o + 393 = 3*k. What is the greatest common divisor of 86 and k?
43
Let z(q) = -q. Let x be z(0). Suppose x = 2*f - 5 - 7. What is the greatest common factor of 54 and f?
6
Let s(z) = 4*z + 4. Let n be s(6). Calculate the highest common divisor of n and 4.
4
Suppose -50 = -5*f + 5*s, -f + 6*f - 50 = -s. Calculate the highest common divisor of f and 90.
10
Let j(d) = 5*d**2 + 8*d + 6. Let m be j(-2). Let c(n) = -21*n**3 + n. Let q be c(-1). What is the highest common divisor of m and q?
10
Let q = -1 + 3. Suppose 10 = q*t - 0. Suppose 0*r - t*r + 80 = 0. Calculate the greatest common factor of 40 and r.
8
Let t be 1 - 5/((-20)/1492). What is the highest common divisor of 34 and t?
34
Suppose -n - 1 = 3*t - 10, 4*t = n + 5. Suppose 142 + 566 = t*g. Let j be (-2)/(-10) + g/30. What is the highest common factor of j and 6?
6
Let z = -5 - 0. Let i = 9 + z. Let q(a) = 5*a + 1. Let t be q(i). Calculate the highest common divisor of 14 and t.
7
Let c(q) = q**3 - 14*q**2 + 27*q - 5. Let t be c(12). What is the highest common divisor of 62 and t?
31
Let p(i) = 13*i**3 - i**2. Let w be p(-1). Let l = w + 30. What is the highest common factor of l and 4?
4
Let a be 30/25*50/3. Let j(n) = -n**3 + 8*n**2 + 9*n + 4. Let f be j(9). Calculate the highest common divisor of a and f.
4
Let d = 40 + -8. Suppose -d - 31 = -o. What is the highest common divisor of o and 7?
7
Let l be ((-2)/(-4))/((-24)/(-1152)). Calculate the highest common divisor of l and 84.
12
Let q(p) be the second derivative of -1/2*p**3 - 1/2*p**4 - 2*p + 3*p**2 + 0 - 1/20*p**5. Let u be q(-6). What is the highest common divisor of 12 and u?
12
Let k(y) = y + 5. Let o be k(-3). Suppose 27 + 49 = o*x. Calculate the greatest common factor of 19 and x.
19
Suppose 0 = -3*b + 118 + 50. Calculate the greatest common factor of b and 14.
14
Let k(f) = f**2 + 8*f + 5. Let v be k(-6). Let j(q) = -3*q - 8. Let o be j(v). What is the greatest common factor of 130 and o?
13
Suppose -2 = -3*d + 2*d. Let q(b) = -b - 1 + 6 - d*b + b**2. Let j be q(5). What is the greatest common factor of 60 and j?
15
Let p = -8 + 13. Suppose -p*u = -3*j + 9, u + u = 3*j - 9. Suppose -2*m - 3*s = -21, -6*m - j*s = -m - 57. What is the greatest common divisor of m and 84?
12
Suppose -4*n + 3*c = -2*n - 603, -n = 3*c - 288. Suppose -158 + 23 = -5*a. Calculate the greatest common divisor of a and n.
27
Suppose -2*q = -q - 16. Calculate the greatest common divisor of q and 176.
16
Let j(g) = -g**3 - 9*g**2 - 8*g + 10. Let y be j(-8). What is the highest common divisor of 5 and y?
5
Let x(y) = -y**2 + y + 5. Let t be x(0). Calculate the highest common divisor of 55 and t.
5
Suppose -4*f - 12 = -0*f, -3*c + 5*f = -120. What is the greatest common divisor of c and 7?
7
Let n = 133 - 123. Let w = 71 + -1. What is the highest common divisor of n and w?
10
Suppose 0 = 5*c - 635 - 10. Suppose -5*r = -c + 19. Calculate the highest common divisor of 88 and r.
22
Let z(f) = f**3 + f**2 - 284. Let w be z(0). Let v be 2 + w*(-1 - 0). What is the greatest common divisor of 26 and v?
26
Let j(n) = -3*n + 22. Let z be j(6). Calculate the highest common divisor of 44 and z.
4
Let a(c) = -c**3 + 3*c**2 + 5*c - 1. Let j be a(4). Let o be (4/j)/((-8)/(-96)). Calculate the greatest common factor of o and 2.
2
Suppose 8 = -d - 2*u, 0*u - u - 4 = d. Suppose -206 = 5*k + 4*w - 5*w, -k + 4*w = 26. Let f be d + -1 - (k + -1). What is the highest common factor of f and 14?
14
Let y be (-62)/(-15) - ((-32)/60)/(-4). What is the greatest common divisor of y and 36?
4
Let k(b) = -b**2 - 5*b + 7. Let c be k(-6). Calculate the greatest common divisor of 4 and c.
1
Let s(g) = -2*g**2 + 3*g**2 + 2*g + 2*g - g - 9. Let b be s(-6). What is the greatest common factor of b and 81?
9
Let y(f) = -f**2 + 7*f - 1. Let s be y(6). Let b be (2 - 4 - 8)/(-2). Calculate the greatest common factor of s and b.
5
Suppose 0 = 3*k - 2*n - 47 - 6, 0 = -3*k - 2*n + 37. Let s be (-1 + 4 - -2)/1. What is the highest common divisor of s and k?
5
Suppose -3*z = z. Let b(l) = -l**3 + l + 14. Let c be b(z). Let y be (0 + 1/(-3))/((-8)/168). Calculate the greatest common factor of c and y.
7
Suppose s - 4*s + 5*j = -38, -4*j = 4*s - 72. Calculate the highest common factor of 32 and s.
16
Suppose -3*u + 41 = 3*q - 82, -u + 185 = 5*q. Suppose 4*j - 2*j = 24. Calculate the greatest common factor of q and j.
12
Suppose 0*b + 3*l - 189 = -5*b, 0 = 2*b - l - 69. What is the highest common divisor of 45 and b?
9
Let i be ((-3)/6*0)/(-2). Suppose -4*r - 16 + 96 = i. What is the highest common divisor of r and 220?
20
Suppose -4 + 3 = -p, 3*p = 2*z - 3. What is the greatest common factor of z and 15?
3
Suppose 5*s - 5 = 50. Suppose s - 5 = m. Calculate the greatest common factor of m and 54.
6
Suppose -3*v + 7 = -2*v. Let x = 3 - 6. Let h = x + v. What is the greatest common divisor of h and 1?
1
Let f be 2/((-3)/((-54)/4)). Calculate the greatest common factor of f and 72.
9
Let w = 46 - 30. Calculate the greatest common factor of w and 48.
16
Let y(z) = z + 4. Let h be y(0). Let f be 2/(-8) + 33/h. Let v = 68 - 60. Calculate the greatest common factor of v and f.
8
Let f(g) = -g**3 + 7*g**2 + 3*g + 9. Let o be f(7). What is the greatest common divisor of 20 and o?
10
Suppose -8*c + 2*c + 78 = 0. Let d = -20 + 33. Calculate the greatest common factor of d and c.
13
Suppose 3*u + 40 = 8*u. Let b be 21/28*u/3. Calculate the highest common factor of b and 5.
1
Suppose 2*c - 4*o = 32, 0 = -5*o + 6 + 4. What is the greatest common factor of 30 and c?
10
Suppose 25 + 39 = -4*r. Suppose -9 + 3 = -2*n, -5*b - 15 = 5*n. Let l be (-156)/r*(-32)/b. What is the greatest common factor of l and 13?
13
Suppose -197 = -3*t + f, 3*f = 4*t - 173 - 98. What is the highest common factor of 80 and t?
16
Let y = 20 + -18. What is the highest common factor of y and 3?
1
Suppose 3*f - 410 = 2*f. Let b = f - 222. Suppose b = 4*y - 332. Calculate the greatest common factor of 26 and y.
26
Let d(o) = -56*o - 7. Let v be d(-5). Let w = v + -114. Suppose 33 + w = 4*r. Calculate the greatest common divisor of r and 6.
6
Let b be (6 - 8)/((-2)/3). What is the highest common factor of 81 and b?
3
Let n(a) = -4*a**3 - 4*a**2 + 4. Let h be n(-2). Calculate the highest common divisor of 80 and h.
20
Suppose -5*u = 10, 0 = w - 3*u - 4 - 3. Let a(q) = -2*q**2 - q. Let r be a(-2). Let c be r/6*(-1 - 1). Calculate the greatest common factor of c and w.
1
Suppose -3*y + 5*q - 7 = 0, 4*y - 25 = 